3).
0
What is 3 - (5 - (-2 - -5))?
1
Calculate 1 - (5 - (2 + -3)).
-5
Calculate 3 + 3 - (6 + (4 - 9)).
5
What is -7 - -8 - (-15 - -6)?
10
3 + -4 + 7 - (8 + -5)
3
Calculate -1 + -1 - (16 - 22).
4
Calculate -4 + 14 - (5 + 1).
4
Calculate -8 + 8 + 1 + 4.
5
What is 7 + -6 + 9 - 8?
2
Calculate -1 + 4 + (4 - 8).
-1
Evaluate 7 - (-6 - (-4 + (2 - 7))).
4
Evaluate 0 - 4 - (-34 - -30).
0
What is -2 - (2 + -10 + 0)?
6
Evaluate -2 - 3 - (2 - 2).
-5
What is the value of -4 + (-2 - -4) + -3?
-5
What is the value of (0 - -3) + -2 - 7?
-6
Calculate -1 + -2 - (-5 + (7 - 3)).
-2
What is the value of 2 - ((-1 - -7) + 1 + -1)?
-4
Calculate 1 - 2 - -1 - (1 + -1).
0
8 - (-11 + 14) - 10
-5
What is -21 + 9 - -7 - -3?
-2
Calculate 3 - 0 - (13 + -22 + 10).
2
6 + (-5 - 2) + 3 + 3
5
Evaluate 3 - ((-1 - 2) + 6 - 7).
7
What is 4 + (-2 + 0 - 7)?
-5
Evaluate (10 - 3) + -4 - 2.
1
Evaluate 1 + 3 - (16 - 16).
4
Calculate 1 + -1 - (5 - (-1 - -4)).
-2
Calculate -5 - (-9 + -6 + 14).
-4
What is -5 + 3 + 0 - (3 - 1)?
-4
What is the value of 5 - 2 - (0 + -2)?
5
-3 - (1 - (-2 - -3))
-3
Evaluate 6 + 2 + -14 + 2.
-4
What is the value of 1 + 3 + -14 + 10?
0
-4 - (-4 - 3) - (5 + 0)
-2
Evaluate 2 + (7 - (6 - 1)).
4
-7 - (-3 + -1 + 5 + -16)
8
0 + -3 - (1 - 4) - -3
3
Evaluate 5 - 2 - (5 + 1).
-3
What is the value of (-7 - 0) + 3 + 0 - -7?
3
Evaluate -5 - (-6 + (-3 - -1)).
3
What is -7 + 7 + 3 - -1?
4
What is the value of 9 - (1 + 5) - (10 - 11)?
4
What is the value of 10 + -3 - (1 - -3)?
3
1 + 4 + -7 + 7
5
What is 2 + -2 + -1 + (10 - 7)?
2
-26 - -21 - (-12 + -4 + 3)
8
Calculate -7 + 1 + (10 - 5).
-1
What is -1 + (-3 - (-1 - 4))?
1
What is the value of 1 + (1 - (4 - 8)) + -3?
3
What is the value of -9 + 5 + -5 - -1 - -5?
-3
7 + (0 - (9 - 5)) + 5
8
Calculate -3 + 1 + (1 - 2) + 1.
-2
Evaluate -1 - (1 + 5 + -6).
-1
What is the value of 4 - ((2 - -5) + -4) - 3?
-2
What is (1 - -1) + (0 + 2 - -1)?
5
Calculate (4 - 0) + -2 + -11 + 10.
1
What is (-2 - (1 + -4)) + (25 - 26)?
0
What is 4 + (-1 - 10) + (-9 - -11)?
-5
1 + -4 - (4 + -5)
-2
What is the value of 2 - (6 - 13) - 6 - 5?
-2
Calculate 5 - 11 - (-2 + -2 + -1).
-1
Calculate -4 - -6 - -2 - 7 - -2.
-1
15 + -5 + -19 + 11
2
What is the value of (0 - 6) + (6 - -1)?
1
What is -16 + -2 + (7 - 0) + 3?
-8
Evaluate 134 + -138 + (2 - (0 - 2)).
0
4 - (0 + -4) - 4
4
Evaluate 4 + -4 + -2 + 1.
-1
Calculate (-4 + 0 - -6) + 2 + 0.
4
(10 - 13) + (0 + -1 - -2)
-2
Evaluate -24 + 14 + 0 + 9.
-1
Calculate -2 - (3 + -1 + -4) - 5.
-5
(-12 + 4 - 13) + 12
-9
What is the value of -2 - (-7 - (-3 + -6))?
-4
What is (4 - -1) + (2 - 0)?
7
(3 - 10) + (-2 - -8)
-1
(13 - 16) + (2 - -2) + 1
2
Calculate -16 - ((-6 - 5) + 2).
-7
Calculate -3 - 5 - (16 + -24).
0
What is (-1 - -2) + (0 - 4) + 8?
5
What is -1 - -2 - (-152 + 158)?
-5
Evaluate 2 + ((7 - 4) + -3 - -1).
3
-1 - -3 - 8 - -5
-1
What is the value of 2 + 1 - (-3 - (-7 + -7))?
-8
Evaluate -5 + (3 - -2) - 0.
0
What is the value of 9 - 2 - ((-2 - 1) + 7)?
3
What is the value of (-3 - (-1 + -1)) + 0 - 3?
-4
What is the value of 1 + -4 - (-3 - (0 + -5))?
-5
Calculate (2 - (0 - -2)) + 3 - 3.
0
What is the value of 9 - (-1 + -9 + 13)?
6
-1 - 5 - (-21 + 20)
-5
Evaluate -7 - -10 - (10 + 0).
-7
Calculate (-5 - (2 - 7)) + (1 - 5).
-4
Evaluate 60 - 58 - ((13 - 3) + -3).
-5
Calculate 0 - 0 - (-7 - (-20 - -6)).
-7
What is the value of 6 - (-2 - -7 - (-5 + 11))?
7
Evaluate 6 - (-6 - (-12 + 5)).
5
Calculate 37 + -14 + -26 + (0 - 0).
-3
(-2 - (2 - -1)) + 3
-2
Evaluate 14 + -18 - (-3 - 1 - 2).
2
Evaluate -7 - (-3 + (-3 - -2)).
-3
(-8 - (-7 + 4)) + 6
1
What is (-1 + 15 - 1) + -4 + -4?
5
-1 + 1 + -1 + (1 - 5)
-5
Evaluate 0 + 0 + (11 - 10) + 5.
6
Calculate -1 - -7 - (19 - 13).
0
What is the value of -4 + (2 + -2 - -3 - -1)?
0
What is -2 - (6 + -8 + 5) - -2?
-3
Calculate -3 + (2 - 1) + 3.
1
Evaluate 5 - (-4 - -4 - -6) - -7.
6
Evaluate -5 + (5 - 2) + 1.
-1
Calculate (6 + -10 - 0) + 1.
-3
Evaluate (0 - -6) + 3 + (4 - 6).
7
What is the value of 8 + -13 + 11 + -9?
-3
What is -1 + (-3 - -5 - 7 - 2)?
-8
What is the value of -11 + (0 - -8) - -3?
0
What is 5 + (-2 - (2 + -5)) + -4?
2
Evaluate (-1 - -5) + (1 - 2).
3
What is the value of -1 + 6 + -5 - (-2 + 1)?
1
(2 - -3) + -4 + (14 - 7)
8
(2 - -2) + (5 - (10 + -5))
4
What is -6 + -2 + (-1 - -5)?
-4
What is 10 - (5 - (6 + -12))?
-1
25 - 22 - (2 - 3 - 2)
6
What is the value of (4 - 0) + (1 - 4) + 0?
1
Calculate (-8 - -10 - 1) + (0 - -2).
3
Evaluate -10 - (-5 + -13 + 13).
-5
-3 + -14 + 8 + 14
5
Evaluate (-8 - 0) + 1 - -3.
-4
Evaluate (-1 - 1) + (-1 - 1).
-4
What is -1 + 0 + 3 + -6?
-4
Calculate -3 + 1 + 1 + 0.
-1
What is the value of 34 + -28 - (-2 - -7)?
1
3 + (-1 + 5 - (-1 + 12))
-4
Evaluate 6 + -9 - 3 - 4.
-10
Evaluate 3 + -6 + (-2 - 0).
-5
What is the value of 6 - (-7 + 9) - 10?
-6
What is 2 + 1 - ((15 - 5) + -3)?
-4
What is the value of -4 + 3 + 3 + (3 - 2)?
3
(-3 - (-5 - -5)) + 8
5
Evaluate (2 - -2) + -6 + 5.
3
What is -11 + 4 + 1 + 3?
-3
Evaluate 5 - 6 - (-8 - -10).
-3
0 + 2 - (-19 - -23)
-2
Evaluate (1 - 4) + (-4 - 4) + 4.
-7
Evaluate 3 - 3 - (2 + 4).
-6
Calculate (-9 - (-3 + 2) - -3) + 0.
-5
What is (-2 - (-3 + 1)) + -7 - -2?
-5
What is -7 + (-7 - -12) - (0 + -6)?
4
What is (-36 - -31) + (3 - 2)?
-4
1 - 0 - (-123 - -126)
-2
Evaluate 14 + -14 + 0 + 0 + 1.
1
Calculate 2 + -2 + -1 + -4 - -2.
-3
-3 + -3 + 4 + 6 - -1
5
(0 - -6) + (-15 - (16 - 24))
-1
(0 - (17 - 6)) + 10
-1
0 - (5 + 3) - -5 - -4
1
1 + (-5 - (4 + -14)) + -7
-1
Evaluate -2 + -3 + 5 - -5.
5
What is 9 - (10 - (12 - 13))?
-2
Calculate 56 - 53 - (3 + -4 - -11).
-7
What is -2 + -2 + 8 + -4?
0
2 + (-3 - (2 - (4 + 4)))
5
What is the value of 3 + 1 - (2 + 14 + -7)?
-5
Evaluate -1 - (-3 - -1 - -4).
-3
What is (1 - 0) + 16 + -13 + 2?
6
Evaluate 3 + (-12 + -1 - (-2 + -4)).
-4
Evaluate (14 - 18) + (-1 - -3) + 1.
-1
Evaluate -4 + 3 + 7 + -7 + 3.
2
What is the value of -2 - (0 + -6) - (3 - 0)?
1
Calculate 1 - (5 + -3 - -3).
-4
What is 1 - (-11 + 4 + 8)?
0
What is 0 + (1 - (0 - (1 - 6)))?
-4
Evaluate 5 - 8 - 1 - -8 - 3.
1
Calculate 0 + (4 - 3) + (-6 - -9).
4
What is the value of 6 - -1 - (11 + -6) - 3?
-1
Calculate 3 + 1 + -7 + -2.
-5
What is 0 + 6 + -4 + 0 + 3?
5
What is the value of 3 - (-1 + 6) - -4 - -4?
6
Calculate -1 + -10 - (-5 - 1 - -1).
-6
Calculate (-13 - 0) + 11 + 10.
8
Evaluate 7 - (9 + (4 - 3)).
-3
Evaluate -11 + (7 - 18) + 19.
-3
What is -2 + (1 - (-6 - -1) - 0)?
4
Calculate (-1 - (-7 + 16)) + 10.
0
What is -4 - (3 - -1 - 3 - 4)?
-1
What is 3 + (-6 - (0 - 4))?
1
What is the value of -2 + -1 + -6 + 11?
2
(14 - 11) + 1 + 0
4
What is (11 + -3 - 11) + 2?
-1
What is 5 + (4 + 3 - 5)?
7
Evaluate -4 - ((-5 - -1) + 5).
-5
Evaluate (-6 - -1) + (34 - 25) + 0.
4
Evaluate 8 + (-16 - -3) + 8.
3
Calculate -4 + 1 - (-16 + 8 + 7).
-2
-1 + 2 - (1 - 6 - -1)
5
What is 1 + 5 + (-1 - 5 - -4)?
4
-3 - (6 + -12 + 8) - 1
-6
Evaluate (-18 + (4 - -2) - -6) + 3.
-3
Evaluate 7 + -7 + 0 + -1 + -4.
-5
What is 8 + -26 + 19 + (-4 - 1)?
-4
0 - (11 + -6 + -8)
3
What is the value of 2 + (8 + -6 - (5 - -2))?
-3
Calculate (-7 + 3 + 0 - -1) + 0.
-3
What is the value of -13 + 15 + (-2 - 0)?
0
What is (15 - 4) + (-1 - 3)?
7
What is the value of 5 + 9 + -8 + -1 + -1?
4
Evaluate 2 - (5 + (1 - 3) + -5).
4
What is (-14 - -13) + (1 - 0) + 1?
1
-5 - ((-6 + 3 - -6) + -5)
-3
1 + -6 + 4 - 0
-1
5 - (-8 + -7 - -12)
8
-14 + (10 - 7) + 6
-5
(0 - -5) + (34 - 37)
2
Calculate -2 - -1 - (0 - 0).
-1
What is the value of 2 + (0 - 0) + (-4 - -4)?
2
3 + 76 + -68 + -1 + -5
5
Evaluate 5 + (7 - 15) - -5.
2
(6 + -9 - 2) + 7
2
0 - ((4 - (1 + -5)) + -1)
-7
Evaluate -5 + 2 + 2 - (-7 + 1).
5
What is the value of 9 - 7 - (0 + 2)?
0
-5 + -8 - -25 - (2 - -2)
8
-9 - (-19 - (4 + -6))
8
2 + 4 + -6 + 3
3
What is the value of -3 + (-6 - (1 + -7) - 5)?
-8
What is the value of (13 - 8 - 7) + -6?
-8
Evaluate 17 + 6 + (-6 - 9).
8
What is -9 - -5 - (-3 - (0 + 6))?
5
(-4 - 3) + 13 + -8
-2
Evaluate 6 - (-4 + -2 + 6).
6
What is 2 + (6 + -7 - (1 + -2))?
2
What is (8 - -2) + -2 + 8 + -7?
9
Calculate -3 + (-7 - -2 - -10 - 1).
1
Calculate -13 + 6 - -12 - 7.
-2
4 + -1 + (10 - 4) + -8
1
Calculate -4 + (1 - (-11 - -7)).
1
Calculate -6 - (4 + -13) - 1.
2
What is (1 - -4) + -3 + 1 + -5?
-2
2 + (-2 - (-1 - 0)) - 0
1
-1 + -3 + 7 + -4 - -2
1
-5 - (-3 - 6) - 5
-1
Calculate 0 + -3 - (7 + -8).
-2
What is 2 + (0 - 3 - -1) + 3?
3
What is 0 +